{"id":299,"date":"2024-06-04T12:48:37","date_gmt":"2024-06-04T10:48:37","guid":{"rendered":"https:\/\/lesrencontresducinemabritannique.com\/?page_id=299"},"modified":"2024-06-17T10:43:18","modified_gmt":"2024-06-17T08:43:18","slug":"la-radio","status":"publish","type":"page","link":"https:\/\/lesrencontresducinemabritannique.com\/index.php\/la-radio\/","title":{"rendered":"La Radio"},"content":{"rendered":"\n<div id=\"wp-block-themeisle-blocks-slider-23adc09b\" class=\"wp-block-themeisle-blocks-slider glide\" data-per-view=\"1\" data-gap=\"0\" data-peek=\"0\" data-autoplay=\"true\" data-height=\"400px\" data-hide-arrows=\"false\"><div class=\"glide__track\" data-glide-el=\"track\"><div class=\"glide__slides\"><div class=\"wp-block-themeisle-blocks-slider-item-wrapper glide__slide\" tabindex=\"0\"><figure><img decoding=\"async\" class=\"wp-block-themeisle-blocks-slider-item\" src=\"http:\/\/lesrencontresducinemabritannique.com\/wp-content\/uploads\/2024\/06\/radio.jpg\" alt=\"\" title=\"\" data-id=\"390\"\/><\/figure><\/div><\/div><div class=\"glide__bullets\" data-glide-el=\"controls[nav]\"><button class=\"glide__bullet\" data-glide-dir=\"=0\"><\/button><\/div><\/div><\/div>\n\n\n\n<p class=\"has-vivid-cyan-blue-color has-text-color has-link-color has-large-font-size wp-elements-1202fccd72ccc3ba84b64851da7a5ea5\" style=\"text-transform:none\"><strong>Bient\u00f4t un premier \u00e9pisode de notre s\u00e9rie de podcasts avec une premier \u00e9pisode consacr\u00e9 au film d&rsquo;ouverture &lsquo; Empire of Light &lsquo; de Sam Mendes.  Nous retracerons la Carri\u00e8re prolifique du r\u00e9alisateur, le casting formidable du film, la musique compos\u00e9e par Trent Reznor et Atticus Ross, et le travail du chef op\u00e9rateur Roger Deakins !  <\/strong><\/p>\n","protected":false},"excerpt":{"rendered":"<p>Bient\u00f4t un premier \u00e9pisode de notre s\u00e9rie de podcasts avec une premier \u00e9pisode consacr\u00e9 au film d&rsquo;ouverture &lsquo; Empire of Light &lsquo; de Sam Mendes. Nous retracerons la Carri\u00e8re prolifique du r\u00e9alisateur, le casting formidable du film, la musique compos\u00e9e par Trent Reznor et Atticus Ross, et le travail du chef op\u00e9rateur Roger Deakins !<\/p>\n","protected":false},"author":1,"featured_media":0,"parent":0,"menu_order":0,"comment_status":"closed","ping_status":"closed","template":"","meta":{"_themeisle_gutenberg_block_has_review":false,"footnotes":""},"class_list":["post-299","page","type-page","status-publish","hentry"],"_links":{"self":[{"href":"https:\/\/lesrencontresducinemabritannique.com\/index.php\/wp-json\/wp\/v2\/pages\/299","targetHints":{"allow":["GET"]}}],"collection":[{"href":"https:\/\/lesrencontresducinemabritannique.com\/index.php\/wp-json\/wp\/v2\/pages"}],"about":[{"href":"https:\/\/lesrencontresducinemabritannique.com\/index.php\/wp-json\/wp\/v2\/types\/page"}],"author":[{"embeddable":true,"href":"https:\/\/lesrencontresducinemabritannique.com\/index.php\/wp-json\/wp\/v2\/users\/1"}],"replies":[{"embeddable":true,"href":"https:\/\/lesrencontresducinemabritannique.com\/index.php\/wp-json\/wp\/v2\/comments?post=299"}],"version-history":[{"count":7,"href":"https:\/\/lesrencontresducinemabritannique.com\/index.php\/wp-json\/wp\/v2\/pages\/299\/revisions"}],"predecessor-version":[{"id":439,"href":"https:\/\/lesrencontresducinemabritannique.com\/index.php\/wp-json\/wp\/v2\/pages\/299\/revisions\/439"}],"wp:attachment":[{"href":"https:\/\/lesrencontresducinemabritannique.com\/index.php\/wp-json\/wp\/v2\/media?parent=299"}],"curies":[{"name":"wp","href":"https:\/\/api.w.org\/{rel}","templated":true}]}}