{"id":305,"date":"2024-06-04T12:53:22","date_gmt":"2024-06-04T10:53:22","guid":{"rendered":"https:\/\/lesrencontresducinemabritannique.com\/?page_id=305"},"modified":"2025-04-20T12:00:39","modified_gmt":"2025-04-20T10:00:39","slug":"la-chaine","status":"publish","type":"page","link":"https:\/\/lesrencontresducinemabritannique.com\/index.php\/la-chaine\/","title":{"rendered":"La Cha\u00eene"},"content":{"rendered":"\n<figure class=\"wp-block-embed aligncenter is-type-video is-provider-youtube wp-block-embed-youtube wp-embed-aspect-16-9 wp-has-aspect-ratio\"><div class=\"wp-block-embed__wrapper\">\n<iframe loading=\"lazy\" title=\"Teaser#1 - Les Rencontres du Cin\u00e9ma Britannique 2025 !\" width=\"500\" height=\"281\" src=\"https:\/\/www.youtube.com\/embed\/l-5DhCzWtgo?feature=oembed\" frameborder=\"0\" allow=\"accelerometer; autoplay; clipboard-write; encrypted-media; gyroscope; picture-in-picture; web-share\" referrerpolicy=\"strict-origin-when-cross-origin\" allowfullscreen><\/iframe>\n<\/div><\/figure>\n\n\n\n<p class=\"has-text-align-center has-text-color has-link-color has-large-font-size wp-elements-08f9c3c035cfa72d189c68446b20165a\" style=\"color:#1f74e6;text-transform:none\"><strong>Teaser#1 &#8211; Les Rencontres du Cin\u00e9ma Britannique 2025<\/strong><\/p>\n\n\n\n<p class=\"has-text-align-left has-black-color has-text-color has-link-color wp-elements-3fa68bd7870e9e6779c9a7898c7fec5b\" style=\"font-size:25px;text-transform:none\">L&rsquo;association \u00ab\u00a0Focus Peaking\u00a0\u00bb vous donne rendez-vous les 4, 5, 6 et 7 juin 2024 au Cin\u00e9ma CGR de Saint-Quentin dans le cadre de notre festival \u00ab\u00a0Les Rencontres du Cin\u00e9ma Britannique\u00a0\u00bb.<\/p>\n\n\n\n<p class=\"has-text-align-left has-black-color has-text-color has-link-color wp-elements-6571e7bdcd67c5c0024aa14163340dbc\" style=\"font-size:25px;text-transform:none\">Une belle programmation en perspective ! <\/p>\n\n\n\n<p class=\"has-text-align-left has-black-color has-text-color has-link-color wp-elements-7b7e137d57fad11ea8d1741b3ec4b4ed\" style=\"font-size:25px;text-transform:none\">Retrouver toutes les informations de notre festival dans la rubrique \u00ab\u00a0Pratique\u00a0\u00bb.<\/p>\n\n\n\n<p class=\"has-text-align-left has-black-color has-text-color has-link-color wp-elements-c0b9611275a47ff91358600f02af6f96\" style=\"font-size:25px;text-transform:none\">\u00c0 tr\u00e8s vite !! <\/p>\n\n\n\n<p class=\"has-text-align-left has-link-color has-medium-font-size wp-elements-46d0bbd09ca190cfd65fa440bc08651b\" style=\"text-transform:none\"><\/p>\n\n\n\n<figure class=\"wp-block-embed is-type-video is-provider-youtube wp-block-embed-youtube wp-embed-aspect-16-9 wp-has-aspect-ratio\"><div class=\"wp-block-embed__wrapper\">\n<iframe loading=\"lazy\" title=\"Les Rencontres du Cin\u00e9ma Britannique - Cin\u00e9ma  Le Palace De Fourmies le 22 juin 2024.\" width=\"500\" height=\"281\" src=\"https:\/\/www.youtube.com\/embed\/uOlYOyB_62E?feature=oembed\" frameborder=\"0\" allow=\"accelerometer; autoplay; clipboard-write; encrypted-media; gyroscope; picture-in-picture; web-share\" referrerpolicy=\"strict-origin-when-cross-origin\" allowfullscreen><\/iframe>\n<\/div><\/figure>\n\n\n\n<p class=\"has-text-align-center has-text-color has-link-color has-medium-font-size wp-elements-7e481cb2288aba213292dc7de7f63b8b\" style=\"color:#1f74e6\">&#8211; <strong>nos pr\u00e9sentations de films &#8211;<\/strong><\/p>\n\n\n\n<p class=\"has-vivid-cyan-blue-color has-text-color has-link-color has-medium-font-size wp-elements-05226a86dc251f2b85baa2bbfb0bd84c\" style=\"text-transform:none\">\u27a1\ufe0fLe film \u00ab Wonka \u00bb r\u00e9alis\u00e9 par Paul King sera diffus\u00e9 ce samedi 22 juin \u00e0 14h en VOST FR au cin\u00e9ma Le Palace de Fourmies. <\/p>\n\n\n\n<p class=\"has-vivid-cyan-blue-color has-text-color has-link-color has-medium-font-size wp-elements-4b4289b863bea6cfac7b9171fe3bac02\" style=\"text-transform:none\">\u27a1\ufe0fUne visite guid\u00e9e du cin\u00e9ma et un atelier fond vert autour de l\u2019histoire des trucages et des effets sp\u00e9ciaux sera accessible gratuitement de 16h \u00e0 19h. <\/p>\n\n\n\n<p class=\"has-vivid-cyan-blue-color has-text-color has-link-color has-medium-font-size wp-elements-51b549dd4b1b6c5cc8532010e888740e\" style=\"text-transform:none\">On vous y attends nombreux et nombreuses !! \ud83c\udfac <\/p>\n\n\n\n<p class=\"has-vivid-cyan-blue-color has-text-color has-link-color has-medium-font-size wp-elements-a64c2b20c4b19b460d72053d7f175682\" style=\"text-transform:none\">L\u2019\u00e9quipe du festival <\/p>\n","protected":false},"excerpt":{"rendered":"<p>Teaser#1 &#8211; Les Rencontres du Cin\u00e9ma Britannique 2025 L&rsquo;association \u00ab\u00a0Focus Peaking\u00a0\u00bb vous donne rendez-vous les 4, 5, 6 et 7 juin 2024 au Cin\u00e9ma CGR de Saint-Quentin dans le cadre de notre festival \u00ab\u00a0Les Rencontres du Cin\u00e9ma Britannique\u00a0\u00bb. Une belle programmation en perspective ! Retrouver toutes les informations de notre festival dans la rubrique \u00ab\u00a0Pratique\u00a0\u00bb. [&hellip;]<\/p>\n","protected":false},"author":1,"featured_media":0,"parent":0,"menu_order":0,"comment_status":"closed","ping_status":"closed","template":"","meta":{"_themeisle_gutenberg_block_has_review":false,"footnotes":""},"class_list":["post-305","page","type-page","status-publish","hentry"],"_links":{"self":[{"href":"https:\/\/lesrencontresducinemabritannique.com\/index.php\/wp-json\/wp\/v2\/pages\/305","targetHints":{"allow":["GET"]}}],"collection":[{"href":"https:\/\/lesrencontresducinemabritannique.com\/index.php\/wp-json\/wp\/v2\/pages"}],"about":[{"href":"https:\/\/lesrencontresducinemabritannique.com\/index.php\/wp-json\/wp\/v2\/types\/page"}],"author":[{"embeddable":true,"href":"https:\/\/lesrencontresducinemabritannique.com\/index.php\/wp-json\/wp\/v2\/users\/1"}],"replies":[{"embeddable":true,"href":"https:\/\/lesrencontresducinemabritannique.com\/index.php\/wp-json\/wp\/v2\/comments?post=305"}],"version-history":[{"count":15,"href":"https:\/\/lesrencontresducinemabritannique.com\/index.php\/wp-json\/wp\/v2\/pages\/305\/revisions"}],"predecessor-version":[{"id":567,"href":"https:\/\/lesrencontresducinemabritannique.com\/index.php\/wp-json\/wp\/v2\/pages\/305\/revisions\/567"}],"wp:attachment":[{"href":"https:\/\/lesrencontresducinemabritannique.com\/index.php\/wp-json\/wp\/v2\/media?parent=305"}],"curies":[{"name":"wp","href":"https:\/\/api.w.org\/{rel}","templated":true}]}}